What is v(q)?
-1
Let d(a) = a**3 - 20*a**2 + 36*a + 4. Let x be d(18). Let w(u) = u - 7. Let n(h) = -4*h + 28. Let v(s) = 2*n(s) + 9*w(s). Give v(x).
-3
Let h(q) = -q**2 + 5*q. Let d be h(4). Let o(n) be the first derivative of 4/3*n**3 - n - 1 + 1/2*n**2 - 1/4*n**d. Determine o(2).
9
Let j(z) = z**3 + 4*z**2 - 6*z. Let o(c) = -2*c + 2. Let u be o(-4). Suppose -2*q + 4*k - 4 = 6, 2*k = -2*q - u. Determine j(q).
5
Let s(w) be the third derivative of w**5/60 + w**4/8 - 2*w**3/3 - 10*w**2. Calculate s(-4).
0
Let l(z) = -z**2 - 4*z - 9. Let n be l(-7). Let k be (-6)/n + 108/(-15). Let h(g) = g**3 + 7*g**2 + 1. Calculate h(k).
1
Let l(s) = s**3 + 3*s**2 - 3*s + 1. Let x be l(-4). Let n(a) = -7*a. Let v(f) = f. Let g(c) = n(c) + 5*v(c). Determine g(x).
6
Suppose 0*b - 27 = -3*b + 5*w, -w - 3 = 0. Let i = -6 + 10. Let o(u) = -u**3 - u + i + 1 + 4*u**2 + 0*u + 0*u. Calculate o(b).
1
Suppose n + n = 4*k - 24, -n = -5*k + 27. Let u = k + 0. Let t = u + -7. Let q(i) = 4*i + 3. What is q(t)?
-5
Let n(i) = -2 - 2*i**2 - 2*i + 3 + 4*i. Calculate n(2).
-3
Suppose 3*f = -4*c - 15, 3*c - c = f - 5. Let j(s) = -s - 1. What is j(c)?
2
Let p(m) be the first derivative of m**4/4 - 2*m**3 - 4*m**2 - 1. What is p(7)?
-7
Let v(i) = -3*i**2 + i**2 - 4*i**2 + i**3 - 2*i + 1. Give v(6).
-11
Suppose -5*w = -w - 40. Let x = -5 + w. Let c(t) be the third derivative of t**6/120 - t**5/15 - t**4/4 + t**2. Calculate c(x).
-5
Let o(j) = -2*j + 4*j + j - 2 + j + j**2. Let k(u) = -4*u**2 - 12*u + 5. Let n(b) = -2*k(b) - 7*o(b). Determine n(3).
1
Let a(s) = 5*s - 1. Let o(i) = -2*i + 19. Let v be o(10). Determine a(v).
-6
Let k(l) = l**2 + 5*l - 2. Suppose -6*x + 2*y + 15 = -3*x, -3*y = 3*x - 30. Suppose 2*m = 1 + x. Suppose 2 + m = -t. Determine k(t).
4
Let l be (-2)/(-12) + 2/((-24)/62). Let z(m) = -3*m. Calculate z(l).
15
Let x(w) = 2*w + 132*w**3 + 6 - 65*w**3 - 68*w**3 - 5*w**2. Give x(-5).
-4
Let y(m) = -m - 2. Suppose -2*b + 11 = -41. Suppose -5*f = b - 1. Give y(f).
3
Let d(p) = -p**3 + 4*p**2 - 2*p + 2. Let y be d(3). Let i(t) = t**2 - 3*t - 3. Calculate i(y).
7
Let g(n) = -5*n - 9. Let j(m) = m**2 - 1. Let f(o) = g(o) + j(o). Determine f(7).
4
Let x(o) be the first derivative of 3 + 0*o + 4/3*o**3 + 1/4*o**4 + 1/2*o**2. Determine x(-3).
6
Let r(o) = o**3 + o**2 - o. Let k(n) = 6*n**3 + 11*n**2 - 5*n - 7. Let z(j) = -k(j) + 5*r(j). Suppose -5*s + s - 24 = 0. Give z(s).
7
Let k(w) = w**2 + w - 1. Let x be k(1). Let i be (-1)/4 + x/4. Let z(s) = -s**2 + s - 12. Let f(c) = -1. Let o(u) = -6*f(u) + z(u). Determine o(i).
-6
Let g(c) = c**2 - 1. Let j(y) = -y - 3 + 0 - 2*y**2 + 3*y**2. Let z be 10/(-6) + 4/6. Let q(v) = z*j(v) + 2*g(v). Give q(-1).
1
Let o(f) = f - 3. Suppose 11 = -q - q + 5*w, q - 2*w = -3. Give o(q).
4
Suppose -3*a + 4*p = 0, 2*p = -3*p - 15. Let s(q) = q**3 + 4*q**2 + 2*q + 6. Calculate s(a).
-2
Let i(l) be the third derivative of l**5/60 - l**4/12 - 2*l**2. What is i(-2)?
8
Suppose 0 = 2*i - 5*b - 686, 0 = -3*i - 0*i + 5*b + 1019. Let g be i/45 - 2/5. Let s(v) = -v**2 + 9*v - 9. What is s(g)?
5
Let y(h) = -2*h - 3*h + 2 + 7*h. Suppose -k + 10 = -4*k + f, f = -4*k - 25. Let l = k + 7. Determine y(l).
6
Let a(q) = -q**3 - 3*q**2 - 3*q + 3. Suppose 5*y + 3*h = -6 - 18, 3*y + 3*h + 18 = 0. Give a(y).
12
Let c(o) = -4*o + o + 2*o. Give c(5).
-5
Let c be ((-4)/6)/((-6)/9). Suppose -b + 3*d - 4 = -c, b - 5*d = -5. Let f(t) = -1 + 3*t**2 - t + 2*t**2 - 6*t**2. What is f(b)?
-1
Suppose c - m = 3, -5*c + 3 = -4*m - 10. Let s(t) = -5*t**3 + t**2 - 2*t + 1. Give s(c).
-5
Let d(i) = 5*i**2 + 2*i + 1. Let c(q) = q**2 + 2*q - 1. Let v be c(0). Determine d(v).
4
Let q(r) = r**2 + r - 5. Let n(i) = -i + 1. Let x be n(-3). Suppose x*z = -5*t + t - 12, -4*t + 12 = -2*z. Determine q(z).
7
Let r(j) = -j**2 - 4*j - 7. Let d(p) = -p**2 - p - 1. Let q(t) = -6*d(t) + r(t). Let i be q(1). Let b(u) = 2*u - 3 - i*u - 1. Give b(-3).
8
Let c(i) = 3 + 2*i**2 - 44*i - i**2 + 39*i. Calculate c(3).
-3
Let r(k) be the first derivative of k**3 - 2*k**2 + 2*k - 6. What is r(2)?
6
Let h be 5 + -2 - 1 - 1. Suppose 2*k = -v + h - 4, 0 = 5*k - 3*v + 2. Let n be 6 + -4 + 1*k. Let r(x) = -x**3 + 3*x**2 - 1. Determine r(n).
1
Let z be 2/((0 + -2)/2). Let w(b) = -3 + b + 9 - b**2 + b**3 - 4. Give w(z).
-12
Let h(k) be the second derivative of k**4/12 + 2*k**3/3 + k**2 - 20*k. Let n be -2*(-1)/(-2)*1. Let y = -6 - n. What is h(y)?
7
Let p be 1/((-56)/(-16)) - 19/(-7). Let t(v) = -2*v + 3. Calculate t(p).
-3
Let o(t) = -t**3 + 4*t**2 - t + 3. Suppose -3*u + 54 = 3*g, -2*u - 6*g = -g - 36. Let n be 1/6 - (-69)/u. What is o(n)?
-1
Let u(t) = -t**3 + 5*t**2 - 3*t - 4. Let g be u(3). Suppose 5*s + j - 6 = s, g*j = -3*s - 4. Let r(v) = -3 - 1 + v**s + 2*v + 2. Calculate r(-3).
1
Suppose -12 = g - 4*g. Let l(c) = 7 - 9 + g*c + 7 - 5*c. What is l(4)?
1
Let m(c) = c**2 + 4*c + 6 + c + 2*c - 6*c. Determine m(0).
6
Let f(l) = l - 1. Let i be f(6). Let r = 0 + i. Let v(h) = h**2 - 5*h - 6. Determine v(r).
-6
Let m(j) = -6*j**2 + j - 1. Suppose 10 = 4*z + z. Suppose 2*s + 0*s - z = 0. What is m(s)?
-6
Suppose 0 = 5*g + a + 19, -2*g - 4 = 6*a - 2*a. Let t = 8 + g. Let d(o) = o**3 - 3*o**2 - 2*o - 5. Determine d(t).
3
Let p(h) = -3*h**3 - 3*h**2 - 2*h + 1. Suppose 4*d = 4*b - 16, -2*d - 2*b - 6 = -3*b. What is p(d)?
17
Let p(j) = 13*j**3 + 3*j**2 - j + 1. Let l(x) = -26*x**3 - 7*x**2 + 2*x - 2. Let z(y) = 2*l(y) + 5*p(y). Give z(1).
14
Let b(h) = 12*h**2 + 2*h + 4. Let s(k) = 13*k**2 + 2*k + 5. Let t(y) = -4*b(y) + 3*s(y). Let f be (1/(-3))/((-2)/6). Let w = 0 - f. Determine t(w).
-8
Let i be (2/(-1))/((-6)/(-27)). Let x be (-24)/i - (-2)/6. Let h(q) = -q**3 + 4*q**2 - q - 4. Give h(x).
2
Let r(f) = 25*f**2 - 2*f - 7. Let s(h) = 12*h**2 - h - 3. Let m(j) = -3*r(j) + 7*s(j). Give m(1).
8
Let f(z) be the third derivative of -z**5/60 + z**4/4 + z**3 - 4*z**2. Calculate f(6).
6
Let p(u) be the third derivative of -u**6/120 - u**5/15 - u**4/6 - u**3/2 + 2*u**2. Let j be p(-3). Let f(t) = -t + 3. What is f(j)?
3
Suppose 4*y = -g + 404, y = 2*y + 2*g - 101. Suppose -3*f + 11 = -4, 0 = 3*r + 4*f - y. Let b be 43/(-9) - 6/r. Let n(u) = u + 2. Determine n(b).
-3
Let f be (-2)/(-6) - 10/3. Let d be 18/8 - f/(-12). Let o(q) = -d - 2 + 0*q + q. Determine o(0).
-4
Let q = 45/8 - 223/40. Let m(h) be the third derivative of -1/24*h**4 - 1/6*h**3 + 0 + 0*h + 0*h**5 - 3*h**2 + q*h**6. Determine m(-1).
-6
Let m(d) = d**3 + 5*d**2 - d - 1. Let a be m(-5). Let n = -39 - -39. Let k(q) = n*q - a*q - 2*q. What is k(-1)?
6
Let w(d) = d**3 - 5*d**2 - 2*d + 3. Let s be 189/36 + (-1)/4. Let u = s - 0. Give w(u).
-7
Let z(y) = y**3 - y**2 + y + 24. Let s be z(0). Let x = -19 + s. Let n(m) be the first derivative of m**4/4 - 4*m**3/3 - 3*m**2/2 - 3*m + 1. Calculate n(x).
7
Let y(n) = -3*n**2 + 10*n + 10. Let s(u) = 4*u**2 - 10*u - 11. Let k(z) = 4*s(z) + 5*y(z). What is k(-8)?
-10
Let m(r) be the first derivative of r**3/3 - 5*r**2/2 - 5*r - 1. Suppose 4*v + v + 10 = 0. Let l(y) = -y**3 - 2*y**2 - 3*y - 1. Let u be l(v). Calculate m(u).
-5
Let o(w) = 3*w**3 + w**2 + 6*w + 8. Let u(v) = 5*v**3 + v**2 + 12*v + 15. Let x(p) = 7*o(p) - 4*u(p). Give x(-4).
4
Let k(g) = -g**3 + 1. Let z(t) be the third derivative of 0*t**4 + 1/3*t**3 - 1/120*t**6 + 1/30*t**5 + 0 + 2*t**2 + 0*t. Let v be z(2). Give k(v).
-7
Let t(a) = 15*a**3 + 10*a**2 + 15*a - 9. Let w(m) = 7*m**3 + 5*m**2 + 7*m - 4. Let x(y) = 6*t(y) - 13*w(y). Give x(-5).
3
Let m(w) be the first derivative of -2*w - 3 - 1/2*w**2. Give m(-6).
4
Let y(v) = -2*v - 1. Let k be ((-1)/(-2))/(10/(-60)). Give y(k).
5
Let i = 19 + -16. Let c(o) = -2 - 4*o + 5 + i*o. Let j(k) = -k**2 - 2*k - 1. Let y be j(-1). Determine c(y).
3
Let l(x) = 4*x**2 - 11 - 5 + 24 - 7 - 2*x. Determine l(1).
3
Let c(f) be the third derivative of -f**6/120 + f**5/12 + f**4/24 - f**3 + 2*f**2. Let s be c(5). Let d(a) = -a - 2. Calculate d(s).
-1
Let l(y) = -y + y - 11*y. Suppose -7 = -41*o + 34*o. Determine l(o).
-11
Let v(g) = -g + 4. Suppose 32 = 3*b + 5*t, -b + 0*t - 2*t + 11 = 0. Determine v(b).
-5
Let i(j) = -3*j**2 - 4*j - 3. Let r be ((-1)/(-2))/(9/(-36)). What is i(r)?
-7
Let w(t) = t**3 + 11*t**2 - 12*t + 3. Let x be w(-12). Let d be (24/x - 0) + -2. Let u(q) = -q**2 + 7*q - 9. What is u(d)?
-3
Let j(a) = -a**3 + 3 + 2*